7 = -2*a - d. What is the units digit of a?
0
Suppose 12625 + 20720 = 13*d. What is the hundreds digit of d?
5
Let r be (-1 + 16)*(-2)/(-6). Suppose -5*z - r*p = -290, 5*p + 290 = 5*z + 2*p. What is the tens digit of z?
5
Let t = 2788 - -705. What is the tens digit of t?
9
Let i be 36/(-8)*(-16)/12. Suppose 9*j = i*j + 348. What is the units digit of j?
6
Suppose -3*s = -209 - 409. What is the tens digit of s?
0
Suppose 4*v + 20 = -v. What is the tens digit of (-75)/v + (-27)/36?
1
Let s(k) = -18*k - k**3 + 4*k**3 - 3 - k**2 + 18*k. Let u be s(3). Suppose 4*v + 24 = 2*z, v = 3*z + 6*v - u. What is the units digit of z?
8
What is the thousands digit of ((-7388)/(-16))/((-13)/(-52))?
1
Let n = 242 - 105. What is the hundreds digit of n?
1
What is the units digit of (-3*4/24)/((-3)/2190)?
5
Let o(t) = -t**2 + 12*t - 32. Let m be o(6). Suppose 4*a - 363 = -5*i, 4*i - 356 - 4 = -m*a. What is the tens digit of a?
8
Let d = -14 - -8. Let k = 21 + -20. What is the units digit of ((-4)/8)/(k/d)?
3
Let a be (24/9)/(4/78). Let q = a - -7. What is the units digit of q?
9
Suppose 9 - 2 = j. Let l be (-144)/(-28) - 1/j. Suppose -l*y + 2*y + 117 = 0. What is the tens digit of y?
3
Let v(i) = 3*i + 56. Let y be v(-17). Suppose 7 = 4*r - y. What is the units digit of r?
3
Let h(i) = -8*i + 24. What is the tens digit of h(-8)?
8
Suppose 11 = 5*h - c, -5*h - 3*c = -4 - 3. Suppose -56 - 44 = -h*k. What is the tens digit of k?
5
Let v(n) = -n**3 + 10*n**2 + 5*n - 12. Let r be v(7). Suppose 0 = 5*u + 20, -u - r + 41 = -t. What is the tens digit of t?
2
Let v(p) = 1091*p**2 - 2*p + 12. What is the tens digit of v(-2)?
8
Suppose 0 = 4*u + 5 - 13. Suppose 6*x + u = 14. What is the units digit of 23/(-1 - x/(-1))?
3
Suppose v + 4 = 9. Suppose 4*p + 102 = d, -2*d + 4*d + v*p = 152. What is the units digit of d/6 - 2/6?
4
Suppose 0 = 6*z - 29 - 7. Suppose 0 = -z*x + 2*x - 2*g + 568, 710 = 5*x + 3*g. What is the tens digit of x?
4
Suppose -15037 = -44*l + 8899. What is the tens digit of l?
4
What is the units digit of (-1417)/(-1) - (-120)/20?
3
Let t(o) = -o**3 + 6*o**2 - 9*o + 5. Let j be t(3). Suppose 0*z = -5*z - j, 4 = 3*y - 4*z. Let s(w) = -w**3 + w**2 + 31. What is the units digit of s(y)?
1
Let t(m) = 31*m - 2. Let a = -8 - -9. What is the tens digit of t(a)?
2
Let m = 18795 + -12895. What is the units digit of m?
0
Suppose 8*a - 7*a = 16. Suppose 378 = a*n - 9*n. What is the units digit of n?
4
Suppose 6*c + j - 70 = 2*c, -3*j - 11 = -c. Let x = 21 - c. Suppose -3*t + 162 = 2*t - 3*b, -x*t = -5*b - 140. What is the tens digit of t?
3
Let w be (-6)/(-18) - (0 + 155/(-3)). Suppose w*f - 56*f = -584. What is the units digit of f?
6
Let v(c) = 37*c**2 + 11*c + 6. What is the units digit of v(-5)?
6
Suppose -2*f + 6 = 0, -3*f + 103 = 2*m - 0*m. Suppose -m + 5 = -2*h. What is the tens digit of (24/(-12))/((-2)/h)?
2
Let r(u) = u**3 - u**2 + 4*u + 27. Let i be r(0). What is the hundreds digit of 3/(i/1491) - (-12)/(-18)?
1
Suppose 0 = -2*l - 2*b + 114, 2*l - 167 = -5*b - 47. Let y = -45 + l. What is the units digit of y?
0
Let h(q) = -3*q**2 - 54*q + 5. What is the units digit of h(-15)?
0
Let f(u) = -u**3 - 11*u**2 + 47*u + 24. What is the thousands digit of f(-18)?
1
Let w = 19 + -12. Let x(c) = -c**2 + 10*c + 6. Let o be x(w). Suppose 21 = 2*u - o. What is the units digit of u?
4
Let y(k) be the first derivative of -5 + 0 + 10*k**2 - 11*k**2 - 8*k. What is the tens digit of y(-9)?
1
Let p be ((-24)/36)/((-2)/2616). Suppose -b + 5*b = p. What is the units digit of b?
8
Let l = -13 + 18. Let q(a) = 2*a**3 - 7*a**2 + a - 6. What is the units digit of q(l)?
4
What is the hundreds digit of 588/4*(268/12 + 3)?
7
Let i = -134 + 25. Let v = i - -159. Suppose -5*b + 3*r = -r - 82, 4*b + 2*r - v = 0. What is the units digit of b?
4
Let v be (-45)/(-4)*(3 + -7). Suppose 0 = 4*t - 9*t - 410. Let m = v - t. What is the units digit of m?
7
Let f = 2732 + -1913. What is the hundreds digit of f?
8
Let a(j) = j**3 - 13*j**2 + 15*j + 10. Let m be (-18)/(-24) + 90/8. What is the units digit of a(m)?
6
Let k(p) = 23*p**2 - 9*p + 7. What is the units digit of k(1)?
1
Suppose -16 = 4*c, 2*y - c = -4*c + 738. What is the units digit of y?
5
Let q(x) = 7*x - 9. Let t be q(7). Suppose 6*u + t = 2*u. What is the tens digit of u/40 - 218/(-8)?
2
Let g = 19 - 16. Suppose 2*b = 3*j - 394, -g*b + 8*b - 665 = -5*j. What is the tens digit of j?
3
Let a(w) = 130*w**3 - w**2 + 5*w - 3. Let j be a(1). Suppose -j = -z + b + 15, -608 = -4*z - 4*b. What is the hundreds digit of z?
1
What is the units digit of (0 - 2)/(31/(-6479))?
8
Suppose 3*z + 0*d + 3*d + 18 = 0, 2 = d. Suppose -h - 2*g = 3*g + 301, 0 = 3*h - 2*g + 818. What is the units digit of 2/(1*z/h)?
9
Suppose 4*u - 9 - 11 = 0. Suppose 432 = u*t - t. What is the tens digit of 30/(-9)*t/(-15)?
2
Let g = 153 - 283. Let z = g - -193. What is the units digit of z?
3
Suppose -7*a + 2*a - 3848 = -2*y, -3848 = -2*y - 4*a. What is the tens digit of y?
2
Suppose -3*d - 75 = 2*d. Let l = -12 - d. Suppose -41 = -3*v - 2*h, l*h + 12 = -3. What is the units digit of v?
7
Let w(q) = 22*q + 56. What is the hundreds digit of w(31)?
7
Let w be 2*(-3 + 14/4). Let j(s) = 3*s - 3*s + 1 + 25*s**2. What is the tens digit of j(w)?
2
Let u(f) = -307*f + 26. What is the tens digit of u(-4)?
5
Suppose -3*w + 18 = 3*l, 4*w - 3*w + 3*l = 16. Let z be 9 - (2 + w - 1). Let c(i) = i**3 - 6*i**2 - 3*i - 3. What is the tens digit of c(z)?
2
Let l(p) = -p**3 + 5*p**2 - 2*p - 4. Let m be l(3). Suppose -176 - 144 = -m*r. What is the units digit of r?
0
Suppose 11*q - u = 12*q - 177, -q = -2*u - 165. What is the hundreds digit of q?
1
Let r = -267 + 421. Suppose 4*a - 618 = r. What is the hundreds digit of a?
1
Suppose l - 1381 = -14*q + 10*q, -q = -3*l + 4208. What is the hundreds digit of l?
4
Let g(m) be the third derivative of 7*m**4/24 - 5*m**3/6 + 6*m**2. Let o be g(2). Suppose -4*x + o*x - 10 = 0. What is the units digit of x?
2
Let r(t) = -t**3 - t + 76. Suppose 4*s + 18 = 58. Suppose -s*n = -4*n. What is the tens digit of r(n)?
7
Let n(l) = 2*l**3 - 4*l**2 + 5*l - 3. Let g be n(3). Let u be (-66)/g - 2/(-10). What is the units digit of 2/2*(15 - u)?
7
Suppose 0 = 5*j + 2*z - 0 - 17, -5*j = -z - 29. Suppose 2*y - 339 = -3*v, -j*v + 0*y = 4*y - 567. What is the units digit of v?
1
Let h = 681 + -355. What is the hundreds digit of h?
3
Let u = 9 + -13. Let b be (-22)/u + (-2)/4. Suppose -16 = -2*y + l, 3*y - b*l - 23 = 8. What is the units digit of y?
7
Let x(j) = -210*j - 2. Let u be x(-1). Suppose 2*l = -2*i + u, 0*i - i + 5*l + 80 = 0. What is the tens digit of i?
0
What is the units digit of (-3)/((-4135)/(-2070) + 0 + -2)?
2
What is the hundreds digit of (-2668)/58*74/(-4)?
8
Suppose -7*n - 71 = 55. Let i = -21 - n. What is the units digit of (23*-3)/(i/2)?
6
Let i = 318 + -136. Let d = 96 + i. What is the units digit of d?
8
Suppose -2*o - 3*x = -x - 4, 0 = -3*o - 5*x - 2. Suppose 4*f - o*f = -228. Suppose -3*s + 112 = -4*i, -3*s + f = i - 4*i. What is the units digit of s?
0
Suppose -2565 = -4*c + 7*n - 6*n, 2*c = 4*n + 1272. What is the tens digit of c?
4
Let z(u) = u**2 - 3*u - 49. What is the tens digit of z(-48)?
9
Let q(k) = 29*k**2 - 6*k + 7. What is the tens digit of q(-5)?
6
Let n = 1 + 13. Suppose w - n - 45 = 0. What is the units digit of w?
9
Let s(r) be the second derivative of -r**4/12 + 5*r**3/6 - 3*r**2 - 4*r. Let g be s(2). What is the units digit of 27 + (3 - 4 - g)?
6
Let f(n) = -220*n**3 - n + 5. Let q(c) = -219*c**3 - c + 4. Let x(t) = 3*f(t) - 4*q(t). What is the units digit of x(1)?
6
Let b = -13 - -15. Suppose -b = o + 13. What is the units digit of (-20)/o*(-57)/(-2)?
8
Suppose 37*l - 51645 = 3004. What is the thousands digit of l?
1
Let c(j) = 250*j + 152. What is the tens digit of c(15)?
0
Suppose -2*u = -10*u + 96. Suppose 177 = -u*z + 13*z. What is the units digit of z?
7
Let x(g) = 3*g**2 + 6*g + 13. Let b be x(-7). Let q = -46 + b. What is the units digit of q?
2
Suppose 8*a - 2783 = 5809. What is the thousands digit of a?
1
Let b(r) be the second derivative of r**3/3 - r**2 - 2*r. Let u be b(2). Suppose 0 = u*o - 0*o - 4*k - 44, -3*k - 45 = -2*o. What is the units digit of o?
4
Let r(v) = 371*v - 29. What is the thousands digit of r